umber?
True
Is 95797 a composite number?
True
Is 5226203 prime?
True
Is 1981459 prime?
False
Is 37814923 composite?
True
Is 250576342 a prime number?
False
Is 11029467 a composite number?
True
Is 2528129 composite?
False
Is 3471029 a prime number?
False
Is 5961529 composite?
True
Is 77172071 a prime number?
True
Is 5669 prime?
True
Is 62789093 a prime number?
True
Is 2547887 composite?
False
Is 258471671 prime?
True
Is 9060193 composite?
False
Is 5605883 a composite number?
True
Is 558283 a prime number?
False
Is 378156773 a prime number?
True
Is 412745 composite?
True
Is 135264397 composite?
True
Is 4656277 a composite number?
True
Is 1543615 a prime number?
False
Is 15639502 composite?
True
Is 1512169 a composite number?
False
Is 9230482 a composite number?
True
Is 26056873 prime?
True
Is 16351979 a composite number?
True
Is 5304331 a composite number?
False
Is 8927203 a composite number?
False
Is 1801649 composite?
True
Is 62225923 prime?
True
Is 20775251 a prime number?
False
Is 521086 prime?
False
Is 4704839 prime?
False
Is 547408751 composite?
True
Is 25964314 a composite number?
True
Is 2386903 prime?
False
Is 4918721 prime?
True
Is 2258043 a prime number?
False
Is 29780257 composite?
True
Is 49484261 a composite number?
False
Is 108317089 a prime number?
True
Is 405317609 prime?
False
Is 57590917 prime?
False
Is 73022513 prime?
False
Is 25170329 composite?
False
Is 25919963 a prime number?
False
Is 83404807 prime?
False
Is 106160831 a prime number?
False
Is 16903489 a prime number?
True
Is 39798949 composite?
True
Is 1126891 a prime number?
False
Is 507051907 a prime number?
True
Is 144559 composite?
True
Is 39030853 a prime number?
True
Is 1565899 prime?
False
Is 733075751 a prime number?
False
Is 31530409 a composite number?
False
Is 18376123 composite?
False
Is 782908201 prime?
False
Is 317831051 a composite number?
False
Is 125240933 composite?
True
Is 70691771 composite?
True
Is 1338167 a prime number?
True
Is 13569671 composite?
False
Is 12228007 a composite number?
True
Is 503828791 a prime number?
True
Is 71970421 composite?
False
Is 10964243 a composite number?
False
Is 7076213 composite?
True
Is 524893 prime?
True
Is 116371609 a prime number?
True
Is 4116377 prime?
True
Is 13646041 prime?
True
Is 890569 a prime number?
False
Is 185101583 a prime number?
True
Is 109425601 prime?
True
Is 23925739 a composite number?
True
Is 38099 a prime number?
False
Is 393463309 prime?
True
Is 6521021 composite?
True
Is 9024955 a prime number?
False
Is 56698879 prime?
False
Is 185206379 a composite number?
False
Is 26723771 prime?
True
Is 10995911 a composite number?
False
Is 206079611 a composite number?
False
Is 1803599 a composite number?
True
Is 47356534 a composite number?
True
Is 3192445 a prime number?
False
Is 276864059 prime?
True
Is 236011981 composite?
False
Is 225634777 a composite number?
True
Is 240687817 composite?
False
Is 1712687 a prime number?
False
Is 7020361 a prime number?
True
Is 4534697 a prime number?
False
Is 929465 prime?
False
Is 3171857 composite?
True
Is 1620701 composite?
True
Is 3404057 composite?
False
Is 17256623 a prime number?
True
Is 1615729 a composite number?
True
Is 31201321 prime?
True
Is 736985 a composite number?
True
Is 251461 prime?
False
Is 553459343 composite?
False
Is 743437 a composite number?
True
Is 1465307 prime?
False
Is 7087805 composite?
True
Is 564892151 a prime number?
True
Is 9820061 composite?
False
Is 6665011 a composite number?
False
Is 44500747 a prime number?
False
Is 59456783 a composite number?
False
Is 12660717 composite?
True
Is 3344213 composite?
False
Is 17827 prime?
True
Is 54130781 a composite number?
False
Is 40082741 a composite number?
False
Is 3431839 composite?
True
Is 338993 prime?
True
Is 123095785 a composite number?
True
Is 105696139 a composite number?
False
Is 53041511 prime?
True
Is 133432009 prime?
False
Is 1382159 a composite number?
False
Is 8991197 composite?
False
Is 85423061 prime?
True
Is 23427269 a prime number?
False
Is 13015651 a composite number?
True
Is 32363003 a composite number?
False
Is 18959029 a prime number?
False
Is 30741889 a composite number?
True
Is 586884197 a prime number?
False
Is 773455 a prime number?
False
Is 1013143 a composite number?
False
Is 150647293 prime?
False
Is 76424387 prime?
False
Is 9618769 prime?
False
Is 4144331 a prime number?
True
Is 2976817 a prime number?
False
Is 7782806 composite?
True
Is 196209691 a composite number?
True
Is 9037513 a composite number?
True
Is 21849949 prime?
False
Is 257594179 a composite number?
False
Is 21971101 prime?
False
Is 5109283 a composite number?
False
Is 15496967 a prime number?
True
Is 12621907 composite?
True
Is 257353307 a composite number?
False
Is 25774403 a composite number?
False
Is 7971959 a prime number?
True
Is 169894451 composite?
True
Is 1505351 composite?
True
Is 309215741 prime?
True
Is 18587797 composite?
False
Is 34313 a prime number?
True
Is 11647861 a composite number?
False
Is 19979891 prime?
True
Is 1895449 a prime number?
False
Is 8394797 a prime number?
True
Is 651787 a prime number?
False
Is 1573471 a composite number?
True
Is 349803613 prime?
True
Is 40821243 composite?
True
Is 1835321 prime?
True
Is 536839421 prime?
True
Is 486566693 a composite number?
False
Is 273330677 prime?
False
Is 290471 a prime number?
True
Is 177379 a prime number?
True
Is 21647 composite?
False
Is 335602 a prime number?
False
Is 4315693 composite?
True
Is 375571 a prime number?
False
Is 112466391 composite?
True
Is 23601419 prime?
False
Is 5976121 a prime number?
False
Is 544651 a composite number?
False
Is 73817651 prime?
True
Is 45250493 prime?
True
Is 125077829 a prime number?
False
Is 20039653 prime?
False
Is 19723391 composite?
False
Is 22182847 composite?
False
Is 68208149 a composite number?
False
Is 105728681 a prime number?
False
Is 11685473 composite?
False
Is 29550293 a composite number?
False
Is 7826183 a prime number?
True
Is 26490211 composite?
True
Is 36397 a composite number?
True
Is 9869073 a prime number?
False
Is 8937917 a prime number?
True
Is 312359 a composite number?
True
Is 3727707 a prime number?
False
Is 47001715 a prime number?
False
Is 871139 prime?
False
Is 16644623 a prime number?
True
Is 45499693 a prime number?
False
Is 78208717 a composite number?
True
Is 18076381 a prime number?
True
Is 148277 a prime number?
False
Is 86876714 a prime number?
False
Is 148550291 a composite number?
False
Is 6469891 a prime number?
True
Is 12595151 a composite number?
False
Is 357897 prime?
False
Is 19392629 prime?
True
Is 18570887 composite?
False
Is 1455491 composite?
False
Is 627346417 prime?
True
Is 4977157 a composite number?
False
Is 237759709 a prime number?
False
Is 744493 prime?
True
Is 15088771 a prime number?
True
Is 6841294 a prime number?
False
Is 214855903 a composite number?
True
Is 269303921 a prime number?
True
Is 66593629 a prime number?
False
Is 28461437 composite?
False
Is 20199947 a composite number?
False
Is 62843191 prime?
True
Is 463621 a composite number?
True
Is 827774 a prime number?
False
Is 77355337 composite?
True
Is 12880247 prime?
True
Is 21208291 prime?
False
Is 34978649 a prime number?
False
Is 143117579 prime?
False
Is 122207083 a prime number?
True
Is 5215121 composite?
False
Is 5915381 prime?
False
Is 43293929 prime?
False
Is 37194431 composite?
False
Is 206136523 prime?
True
Is 85165811 prime?
True
Is 2319913 a composite number?
True
Is 92205793 a prime number?
True
Is 132728221 prime?
True
Is 4607587 prime?
True
Is 49088393 a composite number?
False
Is 6469031 prime?
True
Is 49531219 prime?
True
Is 195719593 a composite number?
False
Is 209681 composite?
True
Is 6086921 a composite number?
False
Is 138317171 prime?
True
Is 1151779 composite?
False
Is 201473 prime?
True
Is 41902169 a composite number?
False
Is 6493993 a composite number?
True
Is 17712743 composite?
False
Is 4331027 a composite number?
False
Is 276439181 a prime number?
False
Is 10582309 prime?
True
Is 1046237 composite?
False
Is 4846861 a composite number?
True
Is 183706282 composite?
True
Is 10789963 prime?
True
Is 1174591 prime?
False
Is 1796567 composite?
False
Is 84630097 a prime number?
False
Is 2166869 a prime number?
False
Is 901131151 a prime number